{"id":3,"date":"2023-01-28T18:47:54","date_gmt":"2023-01-28T18:47:54","guid":{"rendered":"https:\/\/socremol.pt\/?page_id=3"},"modified":"2023-03-07T23:19:04","modified_gmt":"2023-03-07T23:19:04","slug":"politica-de-privacidade","status":"publish","type":"page","link":"https:\/\/socremol.pt\/?page_id=3","title":{"rendered":"Politica de privacidade"},"content":{"rendered":"\r\n<p>O nosso compromisso \u00e9 proteger a privacidade dos clientes. Por isso, as informa\u00e7\u00f5es que voc\u00ea nos confia s\u00e3o utilizadas, exclusivamente, para facilitar a presta\u00e7\u00e3o de servi\u00e7os e personalizar o seu atendimento. N\u00e3o vendemos, alugamos ou compartilhamos seus dados com terceiros.<br \/>Leia abaixo nossa Pol\u00edtica de Privacidade e entenda a maneira como recolhemos os seus dados, como ser\u00e3o usadas essas informa\u00e7\u00f5es e como voc\u00ea pode autorizar ou n\u00e3o o recebimento de material promocional.<\/p>\r\n<p><strong>Coleta de informa\u00e7\u00f5es<\/strong><br \/>Os dados pessoais fornecidos por si s\u00e3o importantes para que possamos conhec\u00ea-lo melhor e oferecer-lhe servi\u00e7os, produtos e informa\u00e7\u00f5es direcionados. Essas informa\u00e7\u00f5es s\u00e3o armazenadas na nossa base de dados possibilitando um melhor relacionamento com os nossos clientes. As informa\u00e7\u00f5es s\u00e3o utilizadas somente por n\u00f3s e t\u00eam a finalidade de facilitar as suas compras futuras e a sua navega\u00e7\u00e3o pelo site.<br \/>Durante a sua navega\u00e7\u00e3o pelo site, recolhemos algumas informa\u00e7\u00f5es sobre a navega\u00e7\u00e3o dos nossos visitantes, como data da visita, endere\u00e7o IP e tipo de browser.<br \/>Esses dados s\u00e3o importantes para a melhoria das funcionalidades do site e an\u00e1lises estat\u00edsticas e permitem uma navega\u00e7\u00e3o mais segura.<\/p>\r\n<p><strong>Uso das Informa\u00e7\u00f5es<\/strong><br \/>N\u00f3s n\u00e3o divulgamos ou comercializamos os seus dados pessoais. Entendemos que essas informa\u00e7\u00f5es foram fornecidas pela confian\u00e7a na nossa empresa e que nos cabe devolver-lhe o mesmo respeito.<br \/>As suas informa\u00e7\u00f5es s\u00e3o utilizadas somente por n\u00f3s, para finalidades como fazer an\u00e1lise de perfis e estat\u00edsticas, melhoria das opera\u00e7\u00f5es do site e envio de conte\u00fado, comunicados, materiais promocionais e informa\u00e7\u00f5es que pode cancelar a qualquer momento.<\/p>\r\n<p><strong>Registo e Recebimento de material promocional<\/strong><br \/>O registo do seu e-mail ser\u00e1 utilizado para divulga\u00e7\u00e3o de informa\u00e7\u00f5es, promo\u00e7\u00f5es e lan\u00e7amentos, desde que autorizado por si. A qualquer momento, voc\u00ea poder\u00e1 optar por n\u00e3o receber mais estas informa\u00e7\u00f5es.<br \/>Para isso, basta que nos envie um e-mail.<br \/>O registo n\u00e3o cria qualquer v\u00ednculo contratual com a empresa. Ele serve para que voc\u00ea possa aceder aos nossos servi\u00e7os especiais e obtenha um tratamento diferenciado.<\/p>\r\n<p><strong>O que s\u00e3o Cookies e para que s\u00e3o usados?<\/strong><br \/>Cookies s\u00e3o pequenos arquivos de dados transferidos de um site da web para o disco do seu computador. Podemos usar os cookies para identific\u00e1-lo caso voc\u00ea volte a navegar no nosso site.<br \/>Os nossos cookies n\u00e3o cont\u00eam informa\u00e7\u00f5es pessoais como nome, endere\u00e7o, n\u00famero de cart\u00e3o de cr\u00e9dito e outras informa\u00e7\u00f5es consideradas sigilosas.<\/p>\r\n<p><strong>Posso n\u00e3o utilizar cookies?<\/strong><br \/>Os web browsers permitem que voc\u00ea apague os cookies existentes no seu computador, bloqueie o seu uso ou ainda podem lhe informar caso um cookie seja arquivado no seu HD. Essa \u00e9 uma escolha pessoal.<br \/>Caso voc\u00ea opte por bloquear os cookies, n\u00e3o ser\u00e1 poss\u00edvel registar-se no nosso site para al\u00e9m de n\u00e3o contar com os benef\u00edcios que esses pequenos arquivos lhe podem oferecer.<\/p>\r\n<p><strong>Seguran\u00e7a<\/strong><br \/>A suas informa\u00e7\u00f5es s\u00e3o armazenadas em computadores seguros, a fim de que elas sejam mantidas inacess\u00edveis por outras pessoas. Por forma a garantir a sua privacidade e seguran\u00e7a, n\u00e3o divulgue a sua senha a terceiros.<\/p>\r\n<p><strong>Modifica\u00e7\u00f5es<\/strong><br \/>Reservamo-nos no direito de alterar a nossa Pol\u00edtica de Privacidade, caso haja necessidade, mas comprometemo-nos a divulgar, neste mesmo espa\u00e7o, qualquer mudan\u00e7a.<\/p>\r\n<p><strong>D\u00favidas e Sugest\u00f5es<\/strong><br \/>Em caso de d\u00favidas ou sugest\u00f5es em rela\u00e7\u00e3o \u00e0 nossa Pol\u00edtica de Privacidade, por favor, entre em contacto.<\/p>\r\n<h3 class=\"wp-block-heading\">\u00a0<\/h3>\r\n","protected":false},"excerpt":{"rendered":"<p>O nosso compromisso \u00e9 proteger a privacidade dos clientes. Por isso, as informa\u00e7\u00f5es que voc\u00ea nos confia s\u00e3o utilizadas, exclusivamente, para facilitar a presta\u00e7\u00e3o de servi\u00e7os e personalizar o seu atendimento. N\u00e3o vendemos, alugamos ou compartilhamos seus dados com terceiros.Leia abaixo nossa Pol\u00edtica de Privacidade e entenda a maneira como recolhemos os seus dados, como&hellip;&nbsp;<a href=\"https:\/\/socremol.pt\/?page_id=3\" class=\"\" rel=\"bookmark\">Ler mais &raquo;<span class=\"screen-reader-text\">Politica de privacidade<\/span><\/a><\/p>\n","protected":false},"author":1,"featured_media":0,"parent":0,"menu_order":0,"comment_status":"closed","ping_status":"closed","template":"","meta":{"neve_meta_sidebar":"","neve_meta_container":"","neve_meta_enable_content_width":"off","neve_meta_content_width":100,"neve_meta_title_alignment":"","neve_meta_author_avatar":"","neve_post_elements_order":"","neve_meta_disable_header":"","neve_meta_disable_footer":"","neve_meta_disable_title":"","footnotes":""},"class_list":["post-3","page","type-page","status-publish","hentry"],"_links":{"self":[{"href":"https:\/\/socremol.pt\/index.php?rest_route=\/wp\/v2\/pages\/3","targetHints":{"allow":["GET"]}}],"collection":[{"href":"https:\/\/socremol.pt\/index.php?rest_route=\/wp\/v2\/pages"}],"about":[{"href":"https:\/\/socremol.pt\/index.php?rest_route=\/wp\/v2\/types\/page"}],"author":[{"embeddable":true,"href":"https:\/\/socremol.pt\/index.php?rest_route=\/wp\/v2\/users\/1"}],"replies":[{"embeddable":true,"href":"https:\/\/socremol.pt\/index.php?rest_route=%2Fwp%2Fv2%2Fcomments&post=3"}],"version-history":[{"count":2,"href":"https:\/\/socremol.pt\/index.php?rest_route=\/wp\/v2\/pages\/3\/revisions"}],"predecessor-version":[{"id":217,"href":"https:\/\/socremol.pt\/index.php?rest_route=\/wp\/v2\/pages\/3\/revisions\/217"}],"wp:attachment":[{"href":"https:\/\/socremol.pt\/index.php?rest_route=%2Fwp%2Fv2%2Fmedia&parent=3"}],"curies":[{"name":"wp","href":"https:\/\/api.w.org\/{rel}","templated":true}]}}